0 + 4*f - 6*f + f**2 - 7*f - 5*f - 3*f. Determine z(16).
4
Let i be (1 - 5)/2 + 6. Suppose -i*z + 22 = -5*x, -14*z + 2 = -2*x - 9*z. Let y(j) = 7 - 2*j**2 + 10*j - 2*j**2 + 5*j**2. Calculate y(x).
-17
Let m(x) = 5*x + 2. Let z(u) = -u**2 + 11*u + 5. Let s(q) = 5*m(q) - 2*z(q). Let w(f) = -22*f - 26. Let j be w(-4). Suppose -4*r + j = 74. Calculate s(r).
9
Suppose 3*w - 7*w + 20 = 0. Let a(h) be the third derivative of h**5/60 - h**4/3 + 2*h**3 - 267*h**2 - 2. What is a(w)?
-3
Let f(b) = -b**3 + 2*b**2 + 14*b + 1. Let o(a) = -97*a - 2905. Let d be o(-30). What is f(d)?
-4
Let p(j) = -5*j**3 + 10*j**2 + 2*j - 9. Let s(f) = 89*f**3 - 80*f**3 + 6 + 8 - 3*f + 3 - 19*f**2. Let c(h) = -11*p(h) - 6*s(h). Determine c(-5).
-8
Let k = -8 - -18. Let b be ((-12)/k)/(6/40). Let a(x) be the second derivative of x**3/6 - 2*x**2 - 1413*x. Give a(b).
-12
Let m(x) = -2*x**2 + 8*x + 9. Suppose 3*w + 15 = 5*r, 5*w = 3*w + 4*r - 12. What is m(w)?
9
Let m(r) = 124*r**2 + 1 - 278*r**2 + 155*r**2 + 12*r. Calculate m(-11).
-10
Let c = 23382 - 23388. Let h(n) = -5*n - 62. Calculate h(c).
-32
Let k(w) = -17*w - 25. Let q be (-4)/(-3)*(-10)/(80/12). Let s be k(q). Let d(m) = m**2 - 8*m + 1. Determine d(s).
10
Let t(v) = -5*v - 14. Let u(d) = 5*d + 18. Let j(y) = -4*t(y) - 3*u(y). Determine j(-6).
-28
Let y(j) = -2*j**3 - 1 + 6 + 5*j**2 + 618*j - 310*j + 1 - 312*j. Calculate y(3).
-15
Let b(g) = -2 - 5*g - 24*g + 3. Suppose 654*a + 12 = 666*a. What is b(a)?
-28
Let a(x) = 11*x - 53. Let l be (65504/(-345))/(-32) - (-1)/15. What is a(l)?
13
Let k(t) be the first derivative of t**2 - 1/4*t**4 - 6*t + 5/3*t**3 + 53. What is k(4)?
18
Let s(w) = 12*w**2 + 41*w - 2. Let b(x) = x**2 + 10*x - 1. Let p(u) = 7*b(u) - s(u). Give p(5).
15
Let x(c) be the third derivative of -c**6/120 + c**5/6 - c**4/12 + 11*c**3/6 - 292*c**2. Give x(10).
-9
Let g(f) be the third derivative of f**5/60 - 7*f**4/24 + 7*f**3/6 - 167*f**2 - 1. What is g(6)?
1
Suppose 4 = 2942*q - 2938*q. Let b(z) = 10*z - 2. What is b(q)?
8
Let d(c) = -4*c + 4. Let y(q) = 3*q - 5. Let w(k) = -7*d(k) - 8*y(k). What is w(6)?
36
Let q(u) = 2*u - 4. Let k = 339 + -345. Let m be k/(-7)*-56*13/(-78). What is q(m)?
12
Let y(g) be the third derivative of -g**5/60 + 5*g**4/12 + 5*g**3/2 + 127*g**2 - 4*g. Determine y(11).
4
Let p(r) = 696*r**3 - 7 - 12*r - 349*r**3 - r**2 + 1 - 346*r**3. What is p(-3)?
-6
Let f be 2/8 + 3441/124. Suppose -6*k + 2*k = f. Let p(b) = -3*b + 2*b - b**2 - 3*b + 10. Give p(k).
-11
Let v be (-2 + 1 - 30/6) + -22. Let l be v/49 + ((-75)/(-21) - 0). Let j(f) = -2*f**3 + 5*f**2 - 2*f - 3. Determine j(l).
-18
Let h be (1149/(-4))/((-93)/(-124)). Let g = 379 + h. Let d(o) = -o**2 - o + 4. Calculate d(g).
-8
Suppose 4*u - c + 7 = 0, 0 = -u - 9*c + 11*c. Let z(i) = -2*i - 4. What is z(u)?
0
Let x(o) be the second derivative of -o**4/12 + 11*o**3/3 - 21*o**2/2 + 2*o + 1281. Calculate x(21).
0
Let y(c) = c**3 - 10*c**2 - 10*c - 5. Let v be 14/5 + 3/(-60)*-4. Suppose 4*k - h - 43 = -0*h, -v*k + 37 = 4*h. Give y(k).
6
Let k(v) be the second derivative of 1/20*v**5 + 9/2*v**2 + 1/6*v**3 + 4 - 4*v + 2/3*v**4. What is k(-8)?
1
Let j(c) = -19*c - 39. Let v(a) = -45*a + 26*a - 18 + 10*a. Let m(l) = -6*j(l) + 13*v(l). Let d be 52/14 + 4/14. Calculate m(d).
-12
Let b(t) be the second derivative of -t**3/3 - 3*t**2/2 + 31*t. Let y(c) = -5*c - 7. Let w(g) = 7*b(g) - 3*y(g). Suppose 2*k + 3*k = -10. Calculate w(k).
-2
Suppose -17*c - 13 = -13. Suppose 4*x - 12 = c, 14*s + 5*x - 27 = 10*s. Let u(f) = 3*f + 4. What is u(s)?
13
Let j(c) = -c - 6. Suppose d + 64 = -16. Let f be (-4)/6 - (6 - d/(-12)). Let i(g) = -3*g**2 - g - 8. Let a be i(f). Calculate j(a).
2
Let x(z) = z**3 - 7*z**2 - 5*z - 4. Suppose i = -3, -i - 8 = t - 5. Suppose -2*v = p - 12, t = 3*p + v - 3 - 23. Determine x(p).
20
Let k be 5 + 14 + 15/(-1). Let b(p) = -p**2 + 0 + 6*p - 4 - 1 - 1. Calculate b(k).
2
Let c be (-11)/(-2) - 4/8. Let w(k) = k - 14. Let q(m) = -m + 15. Let g(o) = c*q(o) + 6*w(o). Suppose 0*y - 5*d = y - 11, 2*y + d = 22. Determine g(y).
2
Suppose 4*b = 13 - 25. Let x(j) be the first derivative of 39 - 1/2*j**4 - j**2 - 5/3*j**3 + 2*j. Calculate x(b).
17
Let k(o) be the second derivative of -o**4/6 + 7*o**3/3 - 7*o**2 + 1292*o. Determine k(10).
-74
Let p(s) be the first derivative of 15*s**2/2 - 12*s + 1624. Determine p(3).
33
Let b(j) = -12 + 8*j - j**2 + 47 - 16 - 43. Calculate b(9).
-33
Let z(i) = 3*i**2 - 18*i - 660. Let c be z(-12). Let p(l) = l**2 + 11*l + 24. What is p(c)?
36
Let f be 0 + 8 - ((-4)/(-34) + 40919/8381). Let w(z) = 4*z - 3. Let m(t) = 3*t - 3. Let y(j) = 6*m(j) - 4*w(j). Give y(f).
0
Let x(l) = -21 + 38 - 13 - 5*l - 9. Calculate x(-6).
25
Let a(g) = 7 - 2 + 8 - 2*g**2 - 95367*g + 95376*g. Determine a(6).
-5
Suppose 62 = 2*u - 4*y, 115 = u - y + 91. Let f(s) = -2*s + 12. What is f(u)?
-22
Let n be (-2 - -2)/((-1 - 3)/2). Suppose n = -4*a - 5*a + 18. Let g(q) = -q**a - 4*q - 10 + 4 + 5*q. Give g(0).
-6
Let u(g) be the second derivative of -g**5/20 + 5*g**4/4 - 23*g**3/6 - 8*g**2 + 168*g - 5. Give u(12).
140
Let k(g) be the second derivative of -7*g**3/6 + 44*g**2 - 1182*g. Calculate k(14).
-10
Let r(w) be the first derivative of -w**3/3 + 5*w**2/2 - w + 1. Suppose -5*g + 32*l - 37*l = -45, 0 = 5*g + 2*l - 30. Calculate r(g).
3
Let z(s) = 6*s - 3. Let v(x) = -9*x + 67. Let n(t) = v(t) + z(t). Give n(15).
19
Let s(l) be the second derivative of -4*l + 4 + 3/2*l**2 - 2/3*l**3. Give s(-5).
23
Let l(s) = -5*s**2 - 11*s + 13. Let a(h) = -4*h**2 - 11*h + 12. Let j(f) = -6*a(f) + 5*l(f). Let t = 52222 + -52211. Calculate j(t).
-7
Let b(s) = 8*s**3 - 10*s**2 + 76*s - 7. Let z(x) = -3*x**3 + 3*x**2 - 26*x + 2. Let i(r) = 4*b(r) + 11*z(r). Determine i(-9).
-6
Let v(d) = -d**3 - 3*d**2 + 2*d + 17. Suppose k + 6 = -n, -2*k - 29*n = -34*n - 30. Give v(k).
17
Let l = -10 - -7. Let q(i) = 28*i - 10. Let b be q(3). Let n(d) = -152*d**2 - 1 + 75*d**2 - 4*d + b*d**2. Calculate n(l).
-16
Let d(p) = -3*p**2 + 24*p - 17. Suppose -48 = -4*w + 4*y, 5*y + 0*y + 25 = 0. Let f be d(w). Let j(o) = 0 - f + 45*o**2 - 46*o**2 + o. Determine j(0).
-4
Let m be -4 + (0*1/(-6))/((-18)/(-6)). Let x(a) = -3*a**2 + 3*a - 5. Determine x(m).
-65
Let p be 3 + (-2 - 1) - -1. Let d(y) = -y**2 - 11. Let c(l) = l**2 - l + 23. Let v(r) = -c(r) - 2*d(r). Give v(p).
1
Let c(h) = h**2 - 2*h. Let d(k) = 3*k**2 - 13*k + 62. Let a(f) = -4*c(f) + d(f). What is a(-11)?
-4
Let b(v) = v**3 - 12*v**2 - 7*v + 18. Let f = -5151 - -5163. Determine b(f).
-66
Let p(i) = 7*i**3 + i**2 + 2*i + 1. Let u(k) = -29*k + 39. Let d be u(27). Let x = d + 743. What is p(x)?
-7
Let p = 2 + 0. Suppose 0 = -5*g - p*a + 25, -g + 3*a + 8 = 4*a. Let c(v) = 3*v**g - 4*v**3 - 30 - v + 43. Determine c(0).
13
Let j(s) = -173*s - 212*s - 212*s - 1 + 586*s. Determine j(-7).
76
Let x = -229 - -242. Let c(y) = -7*y + 19*y + 2 - x*y. Calculate c(-6).
8
Suppose 3*s + 0*s = 9. Let y be (28/(-8) + s)*-2. Suppose -4*d = 4*j - 44, 3*d - 5*j + 0 = y. Let x(a) = -a**3 + 7*a**2 - a - 5. Determine x(d).
-12
Let k(h) be the third derivative of -19*h**6/720 + h**5/60 - 43*h**4/12 + h**3/3 + h**2 - 43. Let q(x) be the second derivative of k(x). Calculate q(-1).
21
Let p(h) = 88*h + 54. Let t(i) = -176*i - 93. Let q(d) = 5*p(d) + 3*t(d). Calculate q(0).
-9
Suppose -r = 2*k + 13 + 12, -r - 21 = k. Let b(h) = 4*h + 64. Give b(r).
-4
Let l(n) = -n**2 - 4*n + 1. Let b(p) = 2*p + 9. Let v be b(-6). Let r be -12 + -5 + -1 + v + 2. Let y = 14 + r. Give l(y).
-4
Suppose 0 = 4*j + t + 8, 2*j + 327 = 3*t + 323. Let k(n) = -n**2 - n - 2. What is k(j)?
-4
Let k = 28 + -18. Let x(l) be the first derivative of 6*l + 63 - 1/2*l**2. What is x(k)?
-4
Let t(g) = -11*g**3 + 8*g - 9. Let n(i) = 9*i**3 + i**2 - 8*i + 6. Let x(s) = -5*n(s) - 4*t(s). Let r = -6 + 0. Determine x(r).
-6
Suppose 104 = -20*n + 24*n. Let f(q) = 26 - 50 + q + n. Let w = -37 + 44. What is f(w)?
9
Let z(t) be the second derivative of -25*t**3/6 - 46*t**2 - 6*t + 226. Calculate z(-4).
8
Suppose l = 137 - 131. Let m be (l/(-4))/(81/(-54)). Let b(n) = -23*n - 1. Give b(m).
-24
Let s(q) = -q**3 + q - 2. Suppose 0 = -20*y - 525 - 195. Let n = 34 + y. Determine s(n).
4
Let v(a) be the third derivative of -a**6/120 - 5*a**5/12 + 25*a**4/24 - 25*a**3/6 + 4000*a**2. Calculate